w + 16*w**2 - w**m. Determine f(k).
-2
Let b(y) = y**3 + 9*y**2 + 9*y + 9. Let r be b(-8). Let i(l) = 54*l - 10. Let p(m) = 18*m - 3. Let v(h) = -2*i(h) + 7*p(h). Give v(r).
17
Let m(z) = 5*z**3 - 4*z**3 + 4 + 183*z**2 - 193*z**2 - 7*z + 4*z + 0. Calculate m(10).
-26
Let j(a) = -39. Let f(g) = -g + 117. Let m(q) = -2*f(q) - 7*j(q). Let y be m(-20). Let l(t) = 6*t. Give l(y).
-6
Let z(t) = t**2 + 6*t - 10. Let h = 486 + -494. Calculate z(h).
6
Let r(i) be the second derivative of i**5/20 - i**4/12 - 2*i**3/3 + 3*i**2/2 - 2*i. Suppose 20*n - 2*n = 2*n + 48. What is r(n)?
9
Let s(p) = -p**2 + p + 11. Let k be (-8)/((-48)/54) - 3. Give s(k).
-19
Let n(v) be the second derivative of v**5/20 + v**4/12 - 7*v**2 + 38*v. Calculate n(0).
-14
Let o(z) be the first derivative of z**3/3 + 3*z**2 - z + 8. Let v be o(-7). Let q(b) = 6 - 7*b - 3*b + 9*b - b. Determine q(v).
-6
Let l(j) = 2*j - 2. Let p(t) = -6*t + 3. Let z(v) = 5*l(v) + 3*p(v). Suppose -5*n + n - 4 = 0. Calculate z(n).
7
Let w(q) = 2*q**3 + 10*q**2 + 10*q - 4. Let k be w(-3). Let d(r) = 15*r**2 + 1 - 3*r - 16*r**2 + 0 + 2*r**3. Calculate d(k).
7
Let x(c) be the third derivative of 0 - 28*c**2 + 0*c - 1/60*c**5 + 0*c**3 + 0*c**4. Determine x(3).
-9
Let c(s) be the first derivative of -s**3/3 + 5*s**2/2 + 8*s - 2. Suppose 2*g - 3 = 3. Suppose 2*i - 15 = -u, -u + 3*u + 12 = g*i. Calculate c(i).
2
Let y(a) be the third derivative of a**6/120 - a**5/60 - 4*a**3/3 + a**2 - 15*a. What is y(0)?
-8
Let p be 232/40 + -1 - 1/(-5). Let j(d) = -7*d + 2. What is j(p)?
-33
Suppose 6 = d + d. Let k(g) = -4*g - 4*g - 6 + d*g + 3*g. Determine k(-6).
6
Let y(t) be the first derivative of -t**5/24 - t**4/24 + t**3 + 3. Let b(k) be the third derivative of y(k). Determine b(1).
-6
Let h(d) = 156 + 11*d + 0*d - 157. Determine h(1).
10
Let k = -422 + 420. Let q(h) = -9*h. Let l(t) = 10*t. Let j(y) = 3*l(y) + 2*q(y). Calculate j(k).
-24
Let h(z) = 9*z**3 - 3*z**2 + 3*z - 1. Let u be (6/3 - 1)*1. Give h(u).
8
Let u(q) = -2*q - 6. Let i = 124 + -104. Let x = -26 + i. Determine u(x).
6
Let m be (0/1)/(1/1). Let s(d) = -4 + 9*d**2 - 191*d + 192*d - 10*d**2. Calculate s(m).
-4
Suppose -m + 0 = -1. Let x = m + -2. Let j(l) be the third derivative of l**5/12 - l**4/24 + 29*l**2. Determine j(x).
6
Let r = 30 - -1. Let t(m) = 7*m + m**2 + r - 57 + 29. Determine t(-6).
-3
Let k(a) = -a**3 + 4*a**2 - 4*a + 6. Let q(w) = -3*w**3 + 13*w**2 - 13*w + 17. Let p(o) = 11*k(o) - 4*q(o). Give p(7).
5
Let n be (-5)/20*4/(-1). Let s(t) = 0*t + 5*t + n - 4. Suppose 10*p - 3*p = 14. Determine s(p).
7
Let o = -64 - -67. Let w(r) = -o + 6 - r - 1 - 4. Suppose 2*s = 4*t + 22, -2*s = 5*t + 3*s + 35. Give w(t).
4
Let j be (-3)/(6/4) + 13. Let d = j - 5. Let o(c) = d*c**2 + c**3 - 4*c - 1 - 6*c**2. Give o(3).
14
Let l(r) = 6*r - 3. Let u(m) = 23*m - 4. Let i(d) = 11*d - 2. Let c(n) = 9*i(n) - 4*u(n). Let f(b) = -5*c(b) + 6*l(b). Give f(7).
-1
Suppose -z + 3 = 15. Let m be (-9)/(-7) - z/(-42). Let k(t) = -1 + 0 + t + t + 2*t**3 + t**3. Determine k(m).
4
Let i(u) = u**2 - 4*u - 2. Suppose 5*p + 4 = 3*g, -3*g + 4*p + 0*p + 5 = 0. Determine i(g).
-5
Let s(v) = -4*v**2 + 3*v**2 + 7*v - 10 + 1. Calculate s(4).
3
Let k(p) = -11*p + 4. Let o = 636 - 638. Give k(o).
26
Let u(o) = -o + 1. Let w = -50 + 57. Let p be -1*14/2 - (-7)/w. Give u(p).
7
Let b(u) = u**3 - 9*u**2 - 9*u - 10. Suppose -4095*a = -4094*a - 10. What is b(a)?
0
Let s(w) = w**2 + 4*w + 5. Let b = 49 + 17. Let d = -71 + b. Determine s(d).
10
Let y(w) = 4*w - 3. Let k(f) = 5*f - 2. Let q(c) = 3*k(c) - 4*y(c). Let h = 27 + -17. Suppose 0 = h*p - 11*p + 5. Calculate q(p).
1
Let m(w) be the first derivative of -w**5/40 + w**4/6 + 11*w**3/3 + 3. Let s(j) be the third derivative of m(j). Give s(4).
-8
Let a(l) be the first derivative of 0*l**2 - 5*l + 1/4*l**4 + 10 + 2*l**3. What is a(-5)?
20
Let n(y) = 2*y**2 - y. Let p(s) = 8*s**2 - 4*s - 7. Let c(q) = -5*n(q) + p(q). Give c(5).
-52
Let y(l) = l**2 - 1. Let i(f) = 5*f**2 + f + 16. Let w(t) = -i(t) + 6*y(t). Give w(6).
8
Let g(q) = -q**3 + q**2 + 2*q + 1. Let h(p) = -p**3 + p**2 - 3*p - 1. Suppose -7*k = -4*k. Let b be h(k). What is g(b)?
1
Let k(r) = -5. Let n(q) = q - 5. Let i(o) = -2*k(o) + 3*n(o). Let c(j) = -j**2 - 89*j - 494. Let g be c(-6). Give i(g).
7
Let x(q) = -3*q - 41. Let l(f) = f + 14. Let a = 34 + -31. Let o(z) = a*x(z) + 8*l(z). Determine o(-7).
-4
Suppose -5*t + b = -9, 10 = t + 5*b + 3. Let s(v) = -3*v**3 + v**2 + v + 2. Calculate s(t).
-16
Let r = 0 - -4. Let u = r - -1. Let y(v) = 2055 - 4*v**2 - 1024 + v**3 - 5*v - 1030. Calculate y(u).
1
Let f(k) = -k - 5. Suppose 3 = -2*d + 5*u + 1, 2*d + 3*u = 14. Let s be (-4)/18 - d/(-18). Give f(s).
-5
Let o(i) be the first derivative of i**4/4 - 4*i**3 - 7*i**2 + 11*i + 147. Give o(13).
-2
Let t(l) = -l**3. Let y(d) = 5*d**3 + 4*d**2 - d - 1. Let g(h) = -4*t(h) - y(h). Let a = 64 + -68. Give g(a).
-3
Suppose 3*x - 15 = -5*z, 5*x + 27 = 2*z + 2*x. Let c(p) = p**2 - 7*p + 6. What is c(z)?
0
Suppose 3*y + 9 = -v, 0 = -4*y - 4*v + 18 - 30. Let u(r) be the first derivative of r**3/3 + 3*r**2/2 + 3*r + 1. Calculate u(y).
3
Let x(d) = -3*d + 6. Let f = -383 - -386. Give x(f).
-3
Let k(x) = -x**3 - 3*x**2 + 1. Suppose -2*t - 5*b = -11 - 2, -2*t - 3*b = -11. Let c be 0*(0 - (-2)/t). Suppose c = 5*g + 2 + 13. Calculate k(g).
1
Let z be (-13)/(26/8) - (2 - 1). Let m(v) = 2*v**2 - 3*v + 8. Give m(z).
73
Let k(u) = -u + 14. Suppose -125*x + 116*x = -90. Give k(x).
4
Let l(n) = 2*n**2 - 28*n - 62. Let d be l(16). Let y(t) = -t**3 + 2*t - 2. Give y(d).
-6
Let p(s) = s**2 - 3*s - 3. Suppose -53 = -10*z - 53. Determine p(z).
-3
Let q(c) be the second derivative of 3*c**5/20 - c**4/6 - c**3/3 + c**2/2 - 47*c. What is q(-1)?
-2
Let f(p) be the first derivative of 3*p**4/2 - p + 14. Suppose 0*m + m - 5*z - 1 = 0, 5 = 5*m - 2*z. Give f(m).
5
Let g(j) = 4*j + 34. Let h be g(-8). Let l(f) = -h - 6 - 106*f + 0 + 108*f. What is l(7)?
6
Let b(d) = d**3 - 21. Let l(i) = i**2 - 18*i - 144. Let w be l(-6). Give b(w).
-21
Suppose -4*q = 0, -11*q + 6*q = -u + 10. Let v(f) = f**2 - 12*f - 6. Determine v(u).
-26
Let r(y) = -1 - y**3 + 3 - y + 3*y**2 - 1 + 2*y + 2*y**3. What is r(-3)?
-2
Suppose -19*j + 40 = -9*j. Let z(l) = -l**3 + 4*l**2 + 2*l + 5. Determine z(j).
13
Let h be (2 - (-120)/54) + (-26)/117. Let c(i) = i**3 - i**2 - 7*i + 9. Determine c(h).
29
Let z(o) = o**2 + 10*o - 25. Let c be z(2). Let u(r) = -6*r - 1. Let j(y) = -y. Let n(v) = -2*j(v) + u(v). Give n(c).
3
Let u = -1884 - -1873. Let a(o) = o**3 + 12*o**2 + 11*o - 9. Calculate a(u).
-9
Let p(h) = 3*h + 2. Let x(j) = j + 1. Let k(y) = -2*p(y) + 5*x(y). Let o(n) = n - 2. Let t be 50/(-15) - (-1)/3. Let v be o(t). Calculate k(v).
6
Suppose d + 0 = -3. Let f(j) = -32986937*j**2 + j**3 - 1 - 3*j + 32986937*j**2. What is f(d)?
-19
Let v(m) = -16*m**3 - 7*m**2 + 6*m**3 - 2 + 11*m**3 + 4. Let j(r) = -r + 3. Let o be j(4). Let a be (-1)/((-8)/7 - o). Give v(a).
2
Let m(y) = 7*y + 15. Let l(v) = 2*v**3 - 44*v**2 + 43*v - 25. Let x be l(21). Determine m(x).
-13
Let p(b) = b**2 - 3*b - 8. Suppose 12 = -23*o + 25*o - 2*t, o - 6 = 3*t. Determine p(o).
10
Let b be -2 + (-117)/(-45) - 13/5. Let q(i) = -i**3 - 2*i**2 - 3*i - 2. Give q(b).
4
Let r(o) be the second derivative of -o**3/3 + o**2/2 + 12*o - 1. Suppose -z = -0*z. Let t be r(z). Let f(b) = 14*b**3 - b**2. Determine f(t).
13
Let i(c) be the second derivative of c**3 - 88*c. Calculate i(-2).
-12
Suppose 0 = -3*r + 58 + 98. Let k = -45 + r. Let g(i) = i**3 - 7*i**2 + i - 9. What is g(k)?
-2
Let y(a) = -3*a**2 - 12*a - 10. Let v be y(-1). Let l(d) = 39*d**2 - 1. What is l(v)?
38
Let u be 21/6*16/4. Let j(k) = -u - 15 + 29 + k**3. Let o(t) = -t**2 + 2*t. Let f be o(1). What is j(f)?
1
Let d(h) = h**2 + 2*h - 3. Let r be d(-3). Suppose -4*n + 3*q = -8, r*n - 6 = -3*n - 5*q. Let x(j) = j + 7*j + 1 - 9*j**n - 4*j - 5*j. What is x(1)?
-9
Let w(d) = 1. Let r(u) be the second derivative of -u**3/6 - 5*u**2/2 - 15*u. Let v(k) = 2*r(k) + 6*w(k). What is v(3)?
-10
Let o(w) = -w - 4. Let n(c) = c**3 + 7*c**2 + 9*c + 21. Let x be n(-6). Suppose 3*j = 5*i + 15 + 30, 0 = -x*i - 3*j - 3. What is o(i)?
2
Suppose -24 = -9*x - 6. Let k(l) = x*l + 4*l**2 - 2*l**2 + 137 - l**2 - 134. Determine k(-3).
6
Let q(n) = -n**3 + 6*